t common divisor of k and 108.
27
Suppose 17*v - 12*v + 120 = 0. Let k be (-2)/(-3)*v/(-16). Calculate the highest common divisor of 3 and k.
1
Let g = 21815 + -21374. Calculate the highest common divisor of g and 21.
21
Let q = 22 + -6. Suppose q = 4*l + 52. Let t = l + 18. What is the greatest common factor of 3 and t?
3
Suppose -5*p + 4*t + 652 = 0, -3*p - 3*t + 238 + 137 = 0. Let n = -108 + p. What is the highest common divisor of n and 170?
10
Let v be 0 + 1 - 1 - (13 - 12208/28). Suppose 0 = 2*b + 3*b - 235. What is the greatest common divisor of v and b?
47
Suppose 22*x - 1210 = 2*x - 2*x. Suppose 0 = 2*w + 2 + 18. Let t be (w - 1)*-1*1. What is the greatest common factor of t and x?
11
Let i be ((-694)/4 + -2)/(20/(-40)). What is the greatest common factor of 3627 and i?
117
Suppose 2*t = -b + 23, -t - 15 = -6*t. Let j be 5 - (b*-12)/6. Calculate the highest common divisor of j and 975.
39
Suppose 24*s - 21*s - 4*m = 40301, 3*s - 40306 = 5*m. What is the greatest common factor of s and 29?
29
Suppose 5*d - 20 + 15 = 0, -3*z + 3*d = 516. Let v = z - -817. What is the greatest common divisor of 76 and v?
38
Let v be (74/4)/(40/1360). Let g = v - 615. Suppose 4*z = 5*u + 224, 3*u = 5*z - z - 224. What is the highest common divisor of z and g?
14
Let i(b) = -8*b + 4. Let g be i(1). Let f be (12/14)/(g/(-112)). Calculate the greatest common factor of f and 288.
24
Let u(m) = 4*m**3 - 8*m**2 + 13*m - 15. Let d be u(4). Calculate the greatest common divisor of d and 4191.
33
Let g(a) = -2*a - 18. Let q be g(-9). Suppose q = 27*t - 1202 - 4873. What is the highest common factor of t and 27?
9
Let p(s) = 8*s**2 + 399*s - 59. Let z be p(-52). What is the greatest common factor of z and 90?
15
Let n be (-5)/(-40) + ((-57001)/(-56))/17. Calculate the highest common divisor of n and 2004.
12
Let i be 0 + 1 + 21*3. Let t = 17004 - 16964. Calculate the highest common factor of i and t.
8
Suppose -135 = -d - 5*g, 1 = -12*g + 11*g. Calculate the highest common factor of d and 9240.
140
Let c be (((-255)/30)/(-17))/((-1)/(-1206)). What is the greatest common divisor of c and 268?
67
Let m = 1012 - 724. What is the greatest common factor of m and 225?
9
Let h(i) = 6*i**2 + 12*i - 43. Let p = -266 + 258. Let l be h(p). Calculate the greatest common factor of l and 98.
49
Suppose 2519*b - 2499*b - 3500 = 0. What is the highest common factor of b and 925?
25
Let w(r) = -1058 - 5*r**3 + 1037 + 5*r - 3*r. Let h be w(-5). What is the greatest common factor of 36 and h?
18
Let s be 5/((-15)/(-858)) - 3040/(-304). What is the highest common factor of 3811 and s?
37
Let o be (906/20)/(26/780). Calculate the highest common divisor of 27 and o.
9
Suppose -22*n = -7*n - 44*n + 406. What is the highest common divisor of 5047 and n?
7
Let w = -3536 - -3537. Suppose 5*a - 5 + 4 = g, 4*g - 20 = -4*a. What is the greatest common factor of w and a?
1
Let i = 897 - 446. Suppose -b + 5*b = 164. Calculate the greatest common divisor of b and i.
41
Let a(u) be the third derivative of -u**5/30 + u**4 - 3*u**2 + 4. Let r be a(8). What is the greatest common factor of 4 and r?
4
Suppose -2*k + u = 2*k - 24, 12 = 2*k + 2*u. Suppose 676 = k*n - 344. What is the highest common divisor of 102 and n?
34
Suppose 0 = 10*i - 15*i, 2*i = 2*d - 122. Suppose 52*s = d*s - 90. Calculate the greatest common divisor of s and 1370.
10
Suppose 2*m - p = -2 + 119, 4*p - 132 = -2*m. Suppose 538 = 3*g + 2*r, -5*g - 4*r + 16 + 880 = 0. What is the highest common divisor of m and g?
60
Suppose 10*b - 9*b + 4*m = 72, 450 = 5*b + 5*m. Calculate the highest common divisor of 5088 and b.
96
Let l be (-51742)/(-10) - 108/(-135). What is the highest common factor of 27 and l?
9
Let k(s) = s**3 + 5*s**2 - 6*s - 12. Let z be k(-6). Let r(f) = f + 19. Let x be r(z). Suppose x*m - 864 = -m. Calculate the highest common factor of m and 18.
18
Let x(n) = 16*n**2 - 264*n + 1869. Let a be x(7). What is the highest common factor of 2990 and a?
115
Let j = 239 + -22. Let v be (-494)/(-16)*2 + 2/8. Calculate the highest common factor of v and j.
31
Let r be 8*22/(-44) - (-1734 - -2). Calculate the greatest common divisor of 756 and r.
108
Let m be ((-35)/8)/((-20)/192). What is the greatest common factor of 762 and m?
6
Let c = -4736 - -5467. What is the greatest common divisor of c and 301?
43
Suppose -4*r + 87 = 2*m + 9, 0 = 2*r + 3*m - 53. What is the highest common divisor of 1916 and r?
4
Suppose -4*p - 76*p + 688080 = 0. Calculate the greatest common divisor of p and 183.
183
Let a(j) = -2*j**2 - 51*j + 25. Let z be a(-26). Let c(u) = 8*u**2 + 9*u + 7. Let n be c(z). What is the greatest common factor of n and 234?
6
Let o = 212 - -38. Suppose -25 = 9*w - o. Let x = -13 - -18. What is the highest common divisor of w and x?
5
Let u be 4/24*-4*-498. Suppose -6*j = 20 - u. Suppose 0 = 3*y - v - 388, y = -0*y - 3*v + 136. Calculate the highest common factor of j and y.
26
Let l = 130 - 140. Let x be l/8 - (-6 + 1665/(-20)). Calculate the highest common divisor of 22 and x.
22
Suppose 5*w + 248*s - 250*s = 368, 3*s - 132 = -2*w. Calculate the greatest common factor of 1544 and w.
8
Suppose 0 = 3*f - 7*f + 232. Let a be ((-8)/(-12) - 445/15)*(-4 + -1). What is the greatest common divisor of a and f?
29
Let y(d) = 2*d - 24 - 18 - 2*d + 3*d. Let j be y(34). What is the highest common divisor of 240 and j?
60
Let k be -3 - -130 - (1 - 0). Let d be 540/28 + 4/(-14) - (-40)/(-40). What is the greatest common divisor of k and d?
18
Let w = -12213 + 12256. Let s = 38 - -5. What is the greatest common divisor of s and w?
43
Suppose 4*r + c - 87 = -12, -3*c = -9. Let p be (-9)/(r/(-140)) + 2. Calculate the highest common factor of 48 and p.
24
Suppose -24 + 81 = 5*u - 3*f, 3*f + 3 = -u. Suppose -8*z + u*z - 3 = 0. Suppose z*o - 6*o = -6. Calculate the highest common factor of o and 10.
2
Let w(r) = -2*r**3 + 5*r**2 + r - 3. Let d be w(-3). Suppose z + d = -z - a, -4*a = 2*z + 78. Let c = z + 134. Calculate the greatest common factor of c and 34.
17
Suppose -5*i + 13 = -i + 3*x, 3*x = i - 7. Suppose 5*v - 7*s + 2*s = 400, 328 = i*v + 4*s. What is the greatest common factor of 27 and v?
27
Let s = -123 + -68. Let u = s - -199. Calculate the greatest common divisor of u and 88.
8
Let j(b) = -38*b - 1875. Let t be j(-50). Suppose 4*n - 2*n = -10, 2*n = d - 11. Calculate the highest common factor of t and d.
1
Let z(x) = 9*x**2 + 34*x + 74. Let k be z(-2). Let h(m) = 38*m**2 + 2*m. Let r be h(-3). Calculate the greatest common factor of k and r.
42
Let c be (-2*7)/(4/(-6)). Suppose -6*n = -181 - 59. Suppose 25*r - n = c*r. Calculate the greatest common factor of r and 20.
10
Suppose 14*k = 19*k - 4*o - 22, -5*o = k - 16. Let m = 39 + -42. Let p be 68 + -1 - 1/((-3)/m). Calculate the greatest common factor of p and k.
6
Suppose -3*k = -6*k + 24. Let r = 105 - 226. Let l = r - -141. What is the greatest common divisor of l and k?
4
Suppose 0 = -10*y + 146 + 84. Suppose -y*f + 465 = -22*f. Calculate the greatest common factor of f and 279.
93
Suppose 20*r - 17963 - 2777 = 0. Calculate the highest common factor of r and 85.
17
Let g(t) = -2*t**2 - 63*t - 20. Let y be g(-31). Suppose u = -y - 3. Let i = 20 + u. What is the greatest common divisor of i and 54?
6
Let l(d) = -d**2 - 58*d + 309. Let j be l(-52). What is the greatest common divisor of 351 and j?
27
Suppose 2*b = -6, -4*x = -3*b - 170 - 23. Suppose 0 = -u + 2*t - x + 15, -98 = 3*u - 5*t. Let r = -13 - u. What is the greatest common factor of 112 and r?
28
Suppose p - 33*p + 17885 = 17*p. What is the greatest common factor of 160 and p?
5
Suppose -5*c + 39 = 4. Suppose 2*q - 102 = 2*n, n + 0*n + 263 = 5*q. Let v = q + -32. Calculate the highest common factor of v and c.
7
Let m(t) = 12*t**2 + 81*t + 645. Let z be m(-9). Calculate the highest common factor of z and 2442.
222
Let r be -6 + 12 + -117*1 + -3. Let s be ((-9123)/5)/(-3) + r/570. What is the greatest common factor of 64 and s?
32
Suppose y - 500 = -4*y. Let v(s) = 897*s - 155156. Let t be v(173). What is the highest common factor of y and t?
25
Let x be 6567 + (-1 - (-6 + 2)). Calculate the greatest common divisor of x and 90.
90
Let q be 6 - (9 - (8 - -435)). Let c = q + -424. Suppose 4*j + 3*a = 180, 4*j + 4*